{"id":56,"date":"2016-12-13T19:17:00","date_gmt":"2016-12-13T19:17:00","guid":{"rendered":"http:\/\/quimerarosa.net\/transplant\/?page_id=56"},"modified":"2018-06-28T09:13:06","modified_gmt":"2018-06-28T09:13:06","slug":"francais","status":"publish","type":"page","link":"https:\/\/quimerarosa.net\/transplant\/francais\/","title":{"rendered":"Fran\u00e7ais"},"content":{"rendered":"<p style=\"text-align: right;\"><em>&#8220;Si nous avions port\u00e9 autant d\u2019\u00e9nergie \u00e0 chercher comment communiquer avec les arbres que nous en avons consacr\u00e9 \u00e0 l\u2019extraction et \u00e0 la transformation du p\u00e9trole, peut-\u00eatre que nous serions capables d\u2019\u00e9clairer une ville par la photosynth\u00e8se, ou nous pourrions sentir la s\u00e8ve v\u00e9g\u00e9tale courir dans nos veines, mais notre civilisation occidentale s\u2019est sp\u00e9cialis\u00e9e dans le capital et la domination, dans la taxonomie et l\u2019identification, pas dans la coop\u00e9ration ni dans la mutation.&#8221; <\/em><br \/>\n<em>Paul B. Preciado<\/em><\/p>\n<p style=\"text-align: justify;\">TransPlant est un projet transdisciplinaire d&#8217;hybridation initi\u00e9 en 2016, bas\u00e9 sur des syst\u00e8mes vivants et l\u2019auto-exp\u00e9rimentation. C\u2019est un processus qui engage un corps dans une transition humain &gt; plante et qui utilise pour cela divers formats. TransPlant met en dialogue des disciplines comme l&#8217;art, la philosophie, la biologie, l&#8217;\u00e9cologie, la physique, la botanique, la m\u00e9decine, les soins infirmiers, la pharmacologie et l&#8217;\u00e9lectronique. Par le biais de diverses pratiques de bio-hacking, TransPlant s&#8217;inscrit dans les d\u00e9bats en cours sur la notion d&#8217;Anthropoc\u00e8ne, et ce depuis une perspective non bas\u00e9e sur &#8220;l&#8217;exceptionalisme humain et l&#8217;individualisme m\u00e9thodologique&#8221; (Donna Haraway), sinon qui aborde le monde et ses habitants comme le produit de processus cyborg, de devenir avec (Vinciane Desprets), de sympo\u00ef\u00e8se (Haraway).<\/p>\n<p style=\"text-align: justify;\">Le plus gros probl\u00e8me avec l&#8217;\u00e9cologie dominante est qu&#8217;elle est bas\u00e9e sur la notion de nature, une notion cr\u00e9\u00e9e historiquement pour s\u00e9parer l&#8217;humanit\u00e9 du reste de l&#8217;univers et \u00e9tablir une relation coloniale avec lui. Le bin\u00f4me culture \/ nature structure une liste infinie d&#8217;autres bin\u00f4mes de la pens\u00e9e moderne occidentale: homme \/ femme, blanc \/ non blanc, h\u00e9t\u00e9ro \/ homo, science \/ sorcellerie, adulte \/ enfant, normal \/ anormal\u2026 Le deuxi\u00e8me terme de chaque bin\u00f4me est associ\u00e9 \u00e0 la nature et donc au m\u00eame r\u00e9gime de violence. \u00c0 travers une h\u00e9t\u00e9rotrophie men\u00e9e \u00e0 son extr\u00eame s\u2019est constitu\u00e9e une n\u00e9cropolitique qui a litt\u00e9ralement d\u00e9cid\u00e9 de tout consommer. Prot\u00e9ger la nature semble donc une mauvaise id\u00e9e qui ne ferait que renforcer l\u2019\u00e9tat des choses\u2026 Et il est assez curieux qu&#8217;on ait fini par accepter qu&#8217;un individu d\u00e9limit\u00e9 par une enveloppe de peau constitue un \u00eatre vivant mais que la totalit\u00e9 de la plan\u00e8te ne le soit pas. Il est peut-\u00eatre de concevoir d\u2019ungrid-able ecologies [1] (Natasha Myers), ou de un-greening the green [2] (Jens Hauser).<\/p>\n<p style=\"text-align: justify;\">Afin de pouvoir concevoir une \u00e9cologie non anthropocentrique, nous devons passer d\u2019identit\u00e9s essentialistes \u00e0 des identit\u00e9s relationnelles. Un processus de transition humain &gt; v\u00e9g\u00e9tal qui inclut un protocole d\u2019intraveineuses de chlorophylle, \u00e0 travers les fantasmes, peurs et jugements qui en d\u00e9coulent, ouvre le d\u00e9bat sur le syst\u00e8me identitaire qui est en jeu. Un processus d&#8217;auto-exp\u00e9rimentation qui n&#8217;a rien d&#8217;individuel puisque les personnes qui l&#8217;accompagnent transitionnent avec elle. Obtenir une mol\u00e9cule pure de chlorophylle conna\u00eet les m\u00eames obstacles que l&#8217;obtention de testost\u00e9rone de la part de l&#8217;industrie pharmaceutique et biom\u00e9dicale ainsi que du syst\u00e8me juridique et sanitaire. C&#8217;est l&#8217;ensemble m\u00eame de la vie qui est brevet\u00e9.<\/p>\n<p style=\"text-align: justify;\">Trans*Plant ne serait pas possible sans les diff\u00e9rents \u00e9cosyst\u00e8mes dont il fait partie.<\/p>\n<p>&nbsp;<\/p>\n<p>&nbsp;<\/p>\n<p><a name=\"result_box12\"><\/a><span style=\"font-family: Arial, sans-serif;\"><span style=\"font-size: small;\"><sup>1 <\/sup><span lang=\"fr-FR\">Jeu \/ d\u00e9construction de mots. <\/span><span lang=\"fr-FR\"><i>Ungridable<\/i><\/span><span lang=\"fr-FR\"> signifie ingouvernable. <\/span><span lang=\"fr-FR\"><i>Grid<\/i><\/span><span lang=\"fr-FR\"> peut-\u00eatre traduit par <\/span><span lang=\"fr-FR\"><i>quadrillage<\/i><\/span><span lang=\"fr-FR\">. <\/span><span lang=\"fr-FR\"><i>Ungrid-able<\/i><\/span><span lang=\"fr-FR\"> pourrait \u00eatre traduit comme capable de <\/span><span lang=\"fr-FR\"><i>d\u00e9<\/i><\/span><span lang=\"fr-FR\"><i>quadriller<\/i><\/span><span lang=\"fr-FR\">. <\/span><span lang=\"fr-FR\">On<\/span><span lang=\"fr-FR\"> pourrait alors tradui<\/span><span lang=\"fr-FR\">re<\/span><span lang=\"fr-FR\"> par <\/span><span lang=\"fr-FR\"><i>des \u00e9cologies ingouvernables \/ capables de <\/i><\/span><span lang=\"fr-FR\"><i>d\u00e9<\/i><\/span><span lang=\"fr-FR\"><i>quadriller<\/i><\/span><span lang=\"fr-FR\">.<\/span><\/span><\/span><\/p>\n<p lang=\"fr-FR\"><span style=\"font-family: Arial, sans-serif;\"><span style=\"font-size: small;\"><sup>2<\/sup>. Pourrait \u00eatre traduit par <i>d\u00e9verdir le vert<\/i>. Il est difficile de en pas recourir \u00e0 l\u2019anglicisme <i>greening<\/i> qui d\u00e9signe le processus par lequel quelque-chose est transform\u00e9 en <i>eco-friendly<\/i>.<\/span><\/span><\/p>\n","protected":false},"excerpt":{"rendered":"<p>&#8220;Si nous avions port\u00e9 autant d\u2019\u00e9nergie \u00e0 chercher comment communiquer avec les arbres que nous en&hellip;<\/p>\n","protected":false},"author":1,"featured_media":0,"parent":0,"menu_order":0,"comment_status":"closed","ping_status":"closed","template":"","meta":[],"_links":{"self":[{"href":"https:\/\/quimerarosa.net\/transplant\/wp-json\/wp\/v2\/pages\/56"}],"collection":[{"href":"https:\/\/quimerarosa.net\/transplant\/wp-json\/wp\/v2\/pages"}],"about":[{"href":"https:\/\/quimerarosa.net\/transplant\/wp-json\/wp\/v2\/types\/page"}],"author":[{"embeddable":true,"href":"https:\/\/quimerarosa.net\/transplant\/wp-json\/wp\/v2\/users\/1"}],"replies":[{"embeddable":true,"href":"https:\/\/quimerarosa.net\/transplant\/wp-json\/wp\/v2\/comments?post=56"}],"version-history":[{"count":7,"href":"https:\/\/quimerarosa.net\/transplant\/wp-json\/wp\/v2\/pages\/56\/revisions"}],"predecessor-version":[{"id":311,"href":"https:\/\/quimerarosa.net\/transplant\/wp-json\/wp\/v2\/pages\/56\/revisions\/311"}],"wp:attachment":[{"href":"https:\/\/quimerarosa.net\/transplant\/wp-json\/wp\/v2\/media?parent=56"}],"curies":[{"name":"wp","href":"https:\/\/api.w.org\/{rel}","templated":true}]}}